8. Suppose -10*t + 17 = -7*t + 2*k, 4*t = 5*k - q. What is the highest common divisor of t and 183?
3
Suppose 95*k - 93*k = 4. Suppose -k*z + 7*q + 312 = 4*q, 5*z + 3*q = 822. Calculate the highest common factor of z and 18.
18
Let p be (-73)/(-146) - 11658/(-4). What is the highest common divisor of 1590 and p?
265
Suppose -4*f = 2*o, -2*o + 4*o + 2*f = 2. Suppose 2*p = 4*x - 192, 108 = o*x + 3*p + 2*p. What is the highest common factor of x and 14?
7
Let p(d) = -4*d - 12*d + 5 - 13*d + d. Let l be p(2). Let v be 5/15 - l/18*2. Calculate the greatest common divisor of v and 66.
6
Let u(k) = 18*k + 638. Let c be u(-23). Calculate the greatest common divisor of c and 416.
32
Let d(p) = 9*p - 7. Let l be d(3). Let h be (l/(-40))/(2/(-156)). What is the highest common divisor of 624 and h?
39
Suppose 2*d + 8 = 3*a, 3*d + 0 = -5*a - 12. Suppose -k + 5 = -a*k. Suppose -k*n + 264 = 7*n. Calculate the highest common divisor of 33 and n.
11
Let r(q) = q**2 - 5*q - 2. Let h be r(6). Let a = 18 - h. Let i be (1 - 71)*((-3 - -12) + -10). What is the greatest common factor of a and i?
14
Suppose c = 30 + 30. Suppose 15*y - 11*y - 108 = 0. Suppose 0 = -5*t + f + 137 - 18, 3*f - y = -t. Calculate the highest common factor of t and c.
12
Let b(f) = f**3 - 3*f**2 - f + 2. Let y be b(4). Suppose j - 12 = -2. Suppose r - 5*m = 1 + j, -2*m = -2*r + y. Calculate the greatest common factor of 3 and r.
3
Let u be 1 - (35/5 - 444). Suppose 140 = -431*s + u*s. Let k be 608/20 - (-8)/(-20). Calculate the highest common divisor of k and s.
10
Let c = 7244 + -7230. What is the highest common divisor of c and 8036?
14
Let h = 4411 + -4119. Calculate the highest common divisor of h and 1825.
73
Let h(b) = 2*b**3 - 13*b**2 - 2*b - 21. Let u be h(9). Let s be -2*u/(-12) + -4. Calculate the highest common factor of s and 323.
19
Let u be (350/(-105))/(4/(-72)*6/4). What is the greatest common divisor of u and 1060?
20
Suppose 0 = g - 4*x - 50 + 32, -3*g = -4*x - 22. Suppose -f - 4*f + g*c = -33, -7*f - 5*c = -54. Calculate the highest common factor of f and 91.
7
Let y = 2317 - -675. What is the highest common factor of y and 102?
34
Let w(f) = -f + 30. Let c be 0/(0 + (3 - 0 - 5)). Let g be (1 - (1 + c)) + 7. Let x be w(g). What is the greatest common factor of x and 92?
23
Let t(w) = -3*w + 124 + 10*w - 4*w - 29. Let b be t(0). What is the greatest common divisor of b and 57?
19
Let x(b) = b**2 - 975*b + 3072. Let v be x(0). Calculate the greatest common factor of v and 192.
192
Let t(p) = -p**2 - 7*p + 32. Let i = -295 + 287. Let o be t(i). What is the highest common factor of 36 and o?
12
Suppose 8*s - 10*s + 8 = 0, -153 = -5*h - 2*s. Suppose -40*o + 1540 = -h*o. Calculate the greatest common factor of o and 100.
20
Let i be ((-5)/1)/((6/15)/2). Let w = i - -190. What is the greatest common divisor of 15 and w?
15
Let y be (181 + -199)*(1 - 0)*-1. Suppose -3839 = -y*h + 5377. Calculate the greatest common divisor of h and 16.
16
Let u = 125 - 57. Suppose -4 = -14*c + 16*c, 0 = -2*n + 5*c + u. Calculate the greatest common divisor of 203 and n.
29
Let x(o) = -70*o - 682. Let d be x(-12). Calculate the greatest common factor of 395 and d.
79
Suppose 4*l + 5*a = 5*l - 2, -3*a + 6 = 0. Let p(t) = 7*t**2 - 30*t + 26. Let m be p(4). What is the greatest common divisor of l and m?
6
Let f(g) = -2*g**2 - 8*g - 6. Let c be f(-5). Let s = 27 + c. Let m = -32373 + 32406. What is the greatest common factor of s and m?
11
Suppose -100*j = -92*j. Suppose 2*x - 6 = -v + 3, -21 = -3*v - 3*x. Suppose v*d + b = -b + 7, j = 4*b - 4. Calculate the greatest common divisor of 4 and d.
1
Suppose -35*x + 10021 + 18633 = -16146. What is the highest common factor of x and 50?
10
Let m be ((-16)/(-40))/((-2)/1020). Let d = 375 + m. What is the highest common divisor of 38 and d?
19
Let o be (7 + (-589)/76)/(((-7)/2448)/7). What is the highest common divisor of 34 and o?
34
Let y = 15785 + -11815. What is the greatest common divisor of y and 10?
10
Let t = -1672 + 1925. Calculate the highest common factor of 1403 and t.
23
Suppose -797 = 4*k + 403. Let g = k + 521. What is the greatest common divisor of 13 and g?
13
Let a(u) = u**2 - 27*u - 339. Let j be a(-11). Calculate the highest common factor of 6399 and j.
79
Suppose 22*r - 510 = 7*r. Let i = -33 + r. Suppose 0 = -4*o + 31 + 1. What is the greatest common factor of i and o?
1
Let u = -5 + 8. Suppose -2*l + 3*w = -4*l + 11, 0 = 5*l - u*w - 80. What is the highest common factor of l and 143?
13
Suppose 2*n = -3*s + 35063, -n + 118*s = 120*s - 17530. Calculate the greatest common divisor of n and 128.
128
Let r be 145/65 + (-2)/((-26)/(-3)). Calculate the greatest common factor of 1372 and r.
2
Let k be (-6 + 12)/18 - (-1067)/3. Let m = k - 332. Calculate the highest common factor of m and 12.
12
Let p be ((-63)/(-12))/(1/4). Suppose -i + p = -2. Suppose 291 = 4*a - 5*u, -13*u + 270 = 4*a - 11*u. What is the highest common divisor of i and a?
23
Let b be (-7 - 63) + -3 + 5. Let w = 73 + b. Suppose -z + 675 = w*f, -5*f + 7*z = 10*z - 675. Calculate the highest common factor of 15 and f.
15
Let w(l) = -l**3 + 42*l**2 - 11*l - 261. Let b be w(36). What is the highest common divisor of b and 126?
63
Suppose 5967 - 40126 = 233*q - 255276. Calculate the highest common divisor of q and 657.
73
Let n = 408 + 307. Suppose -309*p + 2*v - 10 = -311*p, 3*p - 3*v = 51. Calculate the highest common factor of n and p.
11
Let j(h) = h**2. Let o(u) = u**2 - 5*u + 6. Let b be o(3). Suppose a + a + 6 = b. Let z be j(a). Calculate the greatest common divisor of z and 27.
9
Let a = 263 - -1010. Calculate the highest common divisor of 76 and a.
19
Suppose -17 = 19*h - 889 - 724. Calculate the greatest common divisor of h and 1323.
21
Let p(k) = -125*k - 795. Let z be p(-7). Let n be -2*10/(-4)*1. What is the greatest common factor of n and z?
5
Let o be (-2)/25 + (13 - (-241434)/425). What is the greatest common divisor of o and 63?
7
Suppose 3*p = 150 + 120. Suppose 4*y + 500 = -3*b - 46, y - 709 = 4*b. Let k = 208 + b. What is the greatest common factor of k and p?
30
Let k be 1*(-32)/10*(14/4 + -6). What is the highest common divisor of k and 41?
1
Suppose -22*c - 60 = -18*c. Let r = 123 - c. Let o = r - 92. Calculate the highest common divisor of 23 and o.
23
Let o(g) = 6*g**2 - 3*g + 12. Let b be o(3). Suppose -43*n + b*n = 70. What is the greatest common divisor of 160 and n?
5
Suppose -c + 15 = -2*y, 4*c - 4*y = -19 + 63. Let b = c + 46. What is the greatest common divisor of 53 and b?
53
Let n be (11 + -68 - 3)/((-2)/6). What is the greatest common divisor of n and 140?
20
Let l(u) = 2*u. Let o be l(1). Let r be o - -1*6/1. Let p be 3 + (3 - 52/13). What is the greatest common divisor of p and r?
2
Suppose -49 = -c + 71. Let m(t) = t**3 + 16*t**2 + 20*t + 23. Let k be m(-15). Let b be -3 + 2/(-2) - (0 + k). Calculate the greatest common factor of c and b.
24
Suppose -3*y - 924 = -5*y. Let b = -14086 + 14128. What is the highest common divisor of y and b?
42
Suppose w + 2*j - 161 = 5*j, 483 = 3*w - 5*j. Let l = w + -139. What is the highest common divisor of l and 22?
22
Suppose 0*u + 3*u + 21 = 0. Let p be 4 - 1 - (u + 1)/3. Suppose -2*d + 5*k = -0*k + 23, p*d = -k + 10. Calculate the highest common divisor of d and 2.
1
Suppose -15*h + 28965 - 34859 = -72719. What is the greatest common factor of 396 and h?
99
Suppose -2*s = l - 59, -5*l + 2 = 7. Let f be 137/3 + -6 + (-96)/(-18). Suppose 64*u = 63*u + f. Calculate the greatest common factor of s and u.
15
Let h(x) = -1053*x - 1981. Let b be h(-2). Let m(u) = u**2 + u + 5. Let t be m(-5). Calculate the greatest common divisor of t and b.
25
Suppose -9*u + 8*u + 600 = 4*b, -b + 2280 = 4*u. Calculate the greatest common divisor of u and 36.
4
Let y = 7124 - 5955. What is the highest common divisor of y and 126?
7
Let u be 24420/16 - 451/(-164). Calculate the highest common divisor of u and 55.
11
Let i(t) = -452*t + 440. Let k be i(-45). What is the highest common divisor of 40 and k?
20
Let a = -38 + 70. Suppose -p + 2 = 4*y - 18, -2*p + 28 = 5*y. Suppose -p*i + 392 = 5*z, -3*z - 103 = -3*i - 349. What is the highest common factor of z and a?
16
Let u(s) be the third derivative of -s**5/30 + 19*s**4/24 +